t a(z) = 433*z - 849. Determine a(2).
17
Let t(c) = 4*c + 56. Determine t(-8).
24
Let s(j) = -j**2 + 31*j - 59. Calculate s(2).
-1
Let t(u) = 2*u**3 + 67*u**2 - 383*u - 3. Calculate t(5).
7
Let u(w) = 2*w**3 - 23*w**2 - 86*w - 12. What is u(-3)?
-15
Let k(o) = o**2 + 28*o - 533. Determine k(-41).
0
Let i(x) = 14*x**3 + 249*x**2 - 52*x + 40. What is i(-18)?
4
Let q(i) = i**3 - 3*i**2 + 6*i + 11. Calculate q(5).
91
Let c(x) = -x**3 - 6*x**2 + 10*x - 21. Calculate c(-8).
27
Let t(d) = -31*d**3 - 4217*d**2 - 136*d - 18. Calculate t(-136).
-18
Let r(c) = 101*c - 2531. Give r(25).
-6
Let j(n) = 2*n**3 + 136*n**2 - 131*n + 471. What is j(-69)?
-12
Let q(b) = 65*b**2 + 8901*b - 539. Calculate q(-137).
9
Let p(i) = -i**3 + 13*i**2 + 168*i - 2055. Calculate p(13).
129
Let k(o) = 16*o - 1424. What is k(77)?
-192
Let f(q) = -41*q + 64. What is f(-4)?
228
Let w(k) = 2*k**3 - 15*k**2 + 76*k - 478. Determine w(7).
5
Let n(h) = -h**3 + 54*h**2 - 449*h + 15061. Calculate n(51).
-35
Let c(s) = -340*s - 6464. Give c(-19).
-4
Let f(q) = q**3 + 14*q**2 + 43*q + 37. What is f(-10)?
7
Let c(j) = j**2 - 1331*j + 70185. Determine c(55).
5
Let h(f) = 3*f**2 - 102*f + 398. Calculate h(29).
-37
Let f(v) = -2*v**2 - 137*v + 66. What is f(-69)?
-3
Let m(u) = 17*u**2 + 305*u - 19. Give m(-18).
-1
Let w(j) = -7*j**3 + 2*j**2 + 409*j + 407. Calculate w(-1).
7
Let x(u) = u**3 + 34*u**2 + 121*u - 81. Calculate x(-30).
-111
Let t(c) = c**3 - 8*c**2 - c - 26. What is t(10)?
164
Let h(l) = -129*l - 391. Calculate h(-3).
-4
Let g(b) = -b**2 - 6*b - 11. What is g(12)?
-227
Let h(f) = -f**2 - 46*f - 261. What is h(-37)?
72
Let l(n) = n**3 + 16*n**2 + 4*n + 36. Calculate l(-16).
-28
Let z(b) = b**3 - 8*b**2 - 18*b + 113. Determine z(7).
-62
Let s(p) = -25*p - 1044. Give s(-42).
6
Let f(y) = -y + 57. Calculate f(80).
-23
Let z(u) = -11*u - 326. Calculate z(-18).
-128
Let h(m) = 2*m**2 + 463*m + 11768. What is h(-29)?
23
Let n(f) = 156*f - 7180. What is n(46)?
-4
Let l(w) = 3*w**2 - 19*w + 12. Determine l(-10).
502
Let x(s) = 4*s**3 - 18*s**2 + 9*s + 1. Give x(4).
5
Let m(y) = y**3 - 37*y**2 + 4*y - 121. Give m(37).
27
Let c(y) = 2*y**2 + 48*y + 238. What is c(-17)?
0
Let u(i) = 7*i**3 + 84*i**2 - 8*i - 107. Give u(-12).
-11
Let s(u) = 2*u**3 - 75*u**2 + 47*u + 55. Give s(37).
425
Let m(g) = g**3 + g**2 - 3*g + 25. Calculate m(0).
25
Let y(w) = w**3 - 133*w**2 + 460*w + 7229. Calculate y(129).
5
Let l(m) = -m**3 - m**2 + 21*m + 90. What is l(-8)?
370
Let t(r) = -2*r**3 + 19*r**2 - 47*r + 30. Give t(6).
0
Let v(j) = -j**3 - 33*j**2 - 86*j + 43. What is v(-30)?
-77
Let g(x) = -50*x - 149. Determine g(-4).
51
Let h(w) = -243*w + 971. Determine h(4).
-1
Let p(a) = a**3 - 10*a**2 - 23*a + 135. What is p(3)?
3
Let v(g) = -4*g**2 + 194*g + 612. Calculate v(-3).
-6
Let n(s) = -s**2 + 46*s + 42331. Determine n(230).
11
Let s(a) = -4*a**3 + 6*a**2 + 80*a - 164. Determine s(2).
-12
Let u(k) = 3873*k - 61985. What is u(16)?
-17
Let q(m) = -m**2 + 117*m + 986. What is q(-8)?
-14
Let d(m) = 2*m**3 + m**2 - 20*m - 18. Calculate d(0).
-18
Let i(r) = -265*r. Calculate i(-1).
265
Let q(v) = -v**2 - 1172*v + 23849. Give q(20).
9
Let u(h) = h**3 + 12*h**2 - 20*h - 106. Determine u(-13).
-15
Let t(g) = -12*g + 350. Calculate t(-7).
434
Let c(q) = -23*q + 312. Give c(4).
220
Let c(t) = -100*t - 295. Calculate c(-3).
5
Let s(h) = 2*h + 49. Calculate s(-6).
37
Let b(n) = -2*n**3 - 46*n**2 - 153*n - 53. Calculate b(-19).
-34
Let i(p) = p**3 + 2*p**2 + 8*p + 152. Calculate i(-8).
-296
Let t(n) = 11*n + 125. Determine t(0).
125
Let f(s) = 16*s + 148. Calculate f(-13).
-60
Let c(a) = -a**2 + 11*a + 34. Give c(15).
-26
Let m(p) = p**3 - 12*p**2 + 11*p - 118. Calculate m(12).
14
Let w(u) = -5*u**2 + 91*u - 284. Determine w(13).
54
Let h(m) = -m**3 + 6*m**2 + 9*m - 22. Give h(5).
48
Let g(s) = -1161*s**2 + 1181*s - 1. Give g(1).
19
Let h(i) = -i**3 + 16*i**2 + 2*i + 47. Calculate h(17).
-208
Let y(r) = -r**3 + 38*r**2 - r + 90. Determine y(38).
52
Let g(n) = -n**2 - 288*n - 20595. Determine g(-133).
20
Let z(i) = 29*i**2 - 102*i - 214. Give z(-2).
106
Let k(x) = 43*x - 160. Give k(4).
12
Let f(c) = 2*c**3 + 389*c**2 - 2201*c - 208. What is f(-200)?
-8
Let x(j) = -j**3 + 14*j**2 - 10*j + 31. What is x(13)?
70
Let v(l) = 148*l + 4146. What is v(-28)?
2
Let k(c) = -c**3 + 31*c**2 + 822*c + 100. What is k(-17)?
-2
Let j(r) = 23*r - 211. What is j(9)?
-4
Let j(u) = 2*u**2 - 117*u + 188. Calculate j(57).
17
Let j(m) = -12*m - 26. Determine j(2).
-50
Let y(w) = 10*w + 379. Determine y(-32).
59
Let i(q) = -65*q - 5337. Give i(-82).
-7
Let d(g) = -60*g**3 + 10*g**2 - 15*g + 5. Determine d(2).
-465
Let f(p) = p**3 - 24*p**2 + 120*p - 7. Calculate f(15).
-232
Let x(a) = -129*a**3 + 5*a**2 + 10*a + 5. What is x(-1)?
129
Let u(t) = 18*t - 132. Give u(2).
-96
Let k(s) = s**3 + 9*s**2 - 288*s + 6. Calculate k(13).
-20
Let j(f) = -49*f**2 + 4069*f - 160. What is j(83)?
6
Let h(k) = 1515*k + 1520. What is h(-1)?
5
Let i(v) = -2517*v + 7562. Give i(3).
11
Let c(v) = -82*v**2 - 3028*v + 226. Give c(-37).
4
Let b(j) = 8*j**2 + 379*j - 145. Give b(-48).
95
Let a(z) = -z**3 - 19*z**2 - 174*z + 6. What is a(-10)?
846
Let l(z) = -z + 18. Calculate l(2).
16
Let u(k) = -2*k**2 + k + 179. Calculate u(10).
-11
Let d(o) = 39*o - 252. What is d(-8)?
-564
Let i(j) = -j**2 + j - 8. Determine i(0).
-8
Let y(z) = -85*z - 482. Determine y(-5).
-57
Let w(a) = 58*a + 103. Calculate w(-2).
-13
Let z(l) = 90*l - 4689. Give z(52).
-9
Let a(j) = -6*j - 76. Give a(-6).
-40
Let d(o) = -o**3 + 46*o**2 + 93*o - 4258. Determine d(46).
20
Let o(b) = -21*b - 264. Calculate o(-12).
-12
Let m(y) = y**3 - 40*y**2 - y + 66. What is m(40)?
26
Let u(s) = 556*s - 3886. What is u(7)?
6
Let q(l) = -3*l**3 - 6*l**2 - 6*l + 13. Determine q(1).
-2
Let f(u) = -50*u - 233. Determine f(-5).
17
Let q(a) = -29*a**2 - 2438*a - 171. Give q(-84).
-3
Let u(r) = r**3 + 29*r**2 - 109*r + 758. What is u(-33)?
-1
Let b(v) = -v**3 + 7*v**2 + 12*v - 19. Calculate b(8).
13
Let b(d) = -d**2 - 236*d + 6510. What is b(25)?
-15
Let d(c) = -49*c + 59. Give d(3).
-88
Let z(v) = -11*v + 286. Calculate z(27).
-11
Let i(u) = -16*u**2 - 51*u - 293. Calculate i(-7).
-720
Let j(v) = 2*v**3 - 18*v**2 - 8*v + 8. Give j(9).
-64
Let x(p) = p**3 - 27*p**2 + 67*p - 445. What is x(25)?
-20
Let j(g) = 88*g + 12812. What is j(-145)?
52
Let j(g) = 55*g**3 - g**2 - 5*g - 3. Calculate j(-1).
-54
Let s(o) = -852*o - 48545. Determine s(-57).
19
Let r(b) = b**2 + 55*b - 3272. What is r(-91)?
4
Let n(o) = -o**3 + 4*o**2 - 348*o + 1771. Calculate n(5).
6
Let r(i) = -5*i**2 + 24*i + 11. Determine r(5).
6
Let d(n) = -n**3 - 3*n**2 + 130*n - 502. Calculate d(5).
-52
Let v(m) = 2*m**3 - 49*m**2 - 30*m + 152. What is v(25)?
27
Let d(h) = 11*h**3 + 2312*h**2 + 425*h + 1047. Give d(-210).
-3
Let t(u) = -79*u + 1413. Determine t(19).
-88
Let f(m) = -3*m**2 + 33*m + 14. What is f(12)?
-22
Let c(h) = 235*h - 9172. Give c(39).
-7
Let z(b) = 10*b**3 + 56*b**2 - 27*b - 17. What is z(-6)?
1
Let l(a) = 2*a**3 + 26*a**2 - 24*a + 99. Determine l(-15).
-441
Let u(y) = -87*y + 453. Calculate u(5).
18
Let u(l) = 221*l + 3302. Give u(-15).
-13
Let s(n) = n**3 + 14*n**2 - 20*n - 446. What is s(-13)?
-17
Let x(b) = 14*b - 73. What is x(-29)?
-479
Let o(l) = 89*l**3 - 4*l**2 - 12*l - 10. Determine o(-1).
-91
Let j(g) = -804*g - 4853. What is j(-6)?
-29
Let k(u) = 291*u - 964. Calculate k(3).
-91
Let g(v) = -624*v - 1275. Calculate g(-2).
-27
Let i(w) = w**2 + w - 17. Calculate i(-6).
13
Let i(v) = 515*v + 4637. Give i(-9).
2
Let w(v) = -4*v**2 - 50*v - 56. Determine w(-11).
10
Let u(i) = -i**2 + 52*i - 296. Give u(21).
355
Let y(w) = 15506*w - 46522. Give y(3).
-4
Let s(x) = 65*x + 285. What is s(0)?
285
Let s(n) = -40*n**2 - 8*n - 24. Calculate s(4).
-696
Let o(q) = q**3 + 11*q**2 - 2*q - 68. Calculate o(-11).
-46
Let n(w) = 2*w**3 + 244*w**2 + 1171*w + 113. Calculate n(-117).
-4
Let p(b) = -46*b**2 - 2*b - 2. Calculate p(-1).
-46
Let l(p) = -p**3 + 24*p**2 - 76*p - 48. Calculate l(20).
32
Let m(q) = -9*q**2 + 17*q - 13. Determine m(1).
-5
Let j(k) = k**3 + 52*k**2 + 210*k + 837. Determine j(-48).
-27
Let x(b) = -589*b + 104843. Determine x(178).
1
Let d(i) = -160*i - 3838. Calculate d(-24).
2
Let i(o) = -489*o + 47424. Give i(97).
-9
Le